4961?
1189
What is the highest common divisor of 1089 and 15430195?
11
Calculate the greatest common divisor of 3 and 10757127.
3
Calculate the greatest common divisor of 5034546 and 594.
198
Calculate the greatest common divisor of 4385548 and 3650.
146
What is the greatest common divisor of 1520435 and 665?
35
What is the highest common divisor of 1206 and 339830298?
1206
Calculate the greatest common divisor of 33404685 and 1635.
1635
What is the greatest common factor of 688495 and 15?
5
Calculate the highest common divisor of 77412 and 11664.
12
What is the highest common factor of 35229088 and 608?
32
Calculate the highest common factor of 4465 and 74691413.
893
What is the greatest common factor of 2 and 4331060?
2
What is the highest common divisor of 69335687 and 268?
67
What is the highest common factor of 1638 and 5616506?
14
Calculate the highest common factor of 7328 and 20656.
16
What is the highest common factor of 356 and 96494423?
89
Calculate the highest common divisor of 30195136 and 4088.
584
Calculate the greatest common factor of 914761 and 5.
1
Calculate the highest common divisor of 1149894 and 612.
18
Calculate the greatest common factor of 4517331 and 177177.
273
What is the greatest common divisor of 3401 and 59428895?
179
What is the highest common divisor of 24 and 8644424?
8
Calculate the greatest common divisor of 63708 and 1356.
12
Calculate the highest common factor of 57 and 14944305.
3
What is the greatest common factor of 195192 and 22284?
36
What is the greatest common factor of 22939350 and 735?
735
What is the highest common factor of 2360 and 2068304?
472
What is the greatest common divisor of 783 and 96156?
9
What is the highest common divisor of 2098 and 338089553?
1049
What is the greatest common divisor of 2720034 and 592600?
5926
What is the greatest common factor of 6759 and 359475162?
2253
What is the greatest common divisor of 62291196 and 187?
187
Calculate the greatest common factor of 30320 and 14370.
10
Calculate the greatest common factor of 448 and 63756896.
224
What is the highest common divisor of 93 and 52237325?
31
What is the greatest common divisor of 434335 and 580085?
2915
What is the greatest common divisor of 236250 and 144?
18
What is the highest common factor of 16614585 and 10?
5
Calculate the highest common factor of 731 and 1131244.
43
What is the greatest common divisor of 1370073 and 80364?
111
Calculate the greatest common divisor of 24516 and 34974.
18
Calculate the highest common factor of 6127770 and 28710.
330
What is the greatest common divisor of 16284 and 18574144?
236
Calculate the highest common factor of 385 and 4362645.
35
What is the highest common divisor of 18574229 and 19?
19
What is the highest common divisor of 6 and 1279148232?
6
Calculate the highest common factor of 37613 and 49358.
29
What is the highest common factor of 95 and 207336455?
95
What is the highest common divisor of 34153 and 96650981?
2009
What is the greatest common factor of 35574 and 29762502?
3234
What is the greatest common divisor of 6894169 and 133?
19
What is the greatest common factor of 1737930 and 57798?
114
Calculate the greatest common divisor of 1461 and 156143888.
487
Calculate the greatest common divisor of 936774 and 24922.
1466
What is the highest common divisor of 3 and 2008823?
1
Calculate the highest common divisor of 138267 and 114986934.
5121
Calculate the greatest common divisor of 2196 and 1169577.
9
Calculate the greatest common factor of 323232 and 503607.
1443
Calculate the greatest common divisor of 80 and 3218870960.
80
What is the highest common divisor of 32052640 and 40?
40
What is the highest common divisor of 1554 and 247443?
21
Calculate the greatest common divisor of 2743690 and 2030.
290
Calculate the greatest common factor of 2348 and 80638538.
1174
Calculate the highest common divisor of 740 and 11206005.
185
What is the greatest common divisor of 117728 and 934466?
7358
Calculate the highest common divisor of 28 and 542301928.
28
What is the greatest common divisor of 1099424 and 5843886?
1598
What is the highest common divisor of 1764 and 10206?
126
Calculate the highest common divisor of 630077 and 40831.
7
Calculate the greatest common factor of 240 and 7752450.
30
What is the greatest common divisor of 10579 and 22854514?
149
Calculate the greatest common divisor of 53198 and 8938470.
134
Calculate the greatest common divisor of 1765019 and 2846044.
3931
Calculate the greatest common divisor of 87590240 and 1280.
160
What is the greatest common factor of 1106 and 845352851?
553
Calculate the highest common factor of 197700 and 11525.
25
What is the greatest common factor of 5098 and 3390?
2
What is the greatest common divisor of 74331 and 9531?
27
What is the greatest common divisor of 21488004 and 2916?
2916
What is the greatest common factor of 14587768 and 272?
136
Calculate the greatest common divisor of 10206 and 27020.
14
What is the highest common divisor of 1595 and 76837211?
319
What is the greatest common factor of 43502 and 334?
2
What is the greatest common factor of 386512 and 696?
232
Calculate the greatest common factor of 10974 and 1559370.
354
What is the greatest common divisor of 47732630 and 293?
293
What is the highest common factor of 92820038 and 566?
566
Calculate the greatest common factor of 25513173 and 1638.
63
What is the highest common divisor of 840 and 41594910?
210
What is the highest common divisor of 784049 and 3577?
49
Calculate the greatest common factor of 5151 and 205377.
51
What is the highest common factor of 31675 and 9275?
175
Calculate the highest common factor of 1770 and 42690.
30
What is the highest common factor of 2409849 and 6201?
117
Calculate the greatest common factor of 817216556 and 26.
26
Calculate the highest common factor of 651654 and 36.
18
What is the greatest common divisor of 26 and 117980434?
26
What is the greatest common divisor of 9780707 and 263?
263
What is the greatest common factor of 855216540 and 123?
123
Calculate the highest common divisor of 1523 and 151684708.
1523
What is the greatest common divisor of 120269 and 53213?
127
Calculate the highest common divisor of 2936032 and 1330912.
6688
Calculate the highest common factor of 5699 and 71039425.
139
What is the highest common factor of 14022 and 159982?
82
What is the highest common factor of 87033809 and 1019?
1019
Calculate the highest common divisor of 1632 and 3530220.
204
Calculate the highest common divisor of 8745080 and 440.
40
Calculate the greatest common divisor of 2457145240 and 40.
40
What is the greatest common divisor of 13448 and 57400?
328
Calculate the greatest common factor of 2674 and 9622198.
382
What is the highest common factor of 218388896 and 18192?
6064
Calculate the highest common divisor of 79730 and 522410.
1190
Calculate the greatest common factor of 35235087 and 87.
87
Calculate the highest common divisor of 3197974 and 1128.
94
What is the highest common divisor of 62340664 and 41?
41
Calculate the highest common factor of 11003115 and 6.
3
What is the highest common divisor of 80 and 5111480?
40
What is the highest common factor of 66938714 and 964?
482
Calculate the highest common divisor of 24376398 and 174.
6
What is the highest common divisor of 198520 and 6817744?
5672
Calculate the greatest common factor of 17687820 and 20.
20
Calculate the greatest common factor of 532320 and 134112.
96
What is the greatest common divisor of 30113272 and 93562?
2282
What is the greatest common divisor of 515448 and 3096?
72
What is the greatest common factor of 1806079 and 202609?
1243
What is the highest common factor of 256 and 45075392?
64
What is the greatest common divisor of 873248 and 800?
32
Calculate the greatest common factor of 6974535 and 31.
31
What is the greatest common divisor of 531 and 118854792?
531
What is the highest common factor of 21845 and 132260?
85
What is the greatest common divisor of 246 and 5239677?
123
Calculate the highest common divisor of 17 and 549457.
17
What is the highest common divisor of 596490 and 21870?
30
What is the greatest common divisor of 1161680 and 136500?
260
Calculate the greatest common factor of 63 and 19551098.
7
Calculate the greatest